{"id":184,"date":"2023-09-24T17:04:47","date_gmt":"2023-09-24T15:04:47","guid":{"rendered":"http:\/\/lcdmusique35.fr\/?page_id=184"},"modified":"2025-08-05T13:18:21","modified_gmt":"2025-08-05T11:18:21","slug":"professeurs-piano-et-guitare","status":"publish","type":"page","link":"https:\/\/lcdmusique35.fr\/index.php\/professeurs-piano-et-guitare\/","title":{"rendered":"Professeurs"},"content":{"rendered":"\n<h3 class=\"wp-block-heading\">PIANO (Laure Coignard)<\/h3>\n\n\n\n<p>Je suis professeur de piano depuis plusieurs ann\u00e9es form\u00e9e en partie au Conservatoire National de R\u00e9gion de Versailles, j&rsquo;enseigne \u00e0 des \u00e9l\u00e8ves de tous \u00e2ges et de tous niveaux.<\/p>\n\n\n\n<p>Cette exp\u00e9rience me permets de pratiquer plusieurs m\u00e9thodes et de m&rsquo;adapter aux capacit\u00e9s et objectifs de chacun.<\/p>\n\n\n\n<p>Le choix des morceaux \u00e9tudi\u00e9s ce fait en commun accord dans divers registres (classique, musique de films, vari\u00e9t\u00e9). Parall\u00e8lement j&rsquo;aborde l&rsquo;aspect technique tels que la formation musicale, le d\u00e9chiffrage, la lecture du chiffrage am\u00e9ricain et la technique de l&rsquo;instrument.<\/p>\n\n\n\n<p>Pour les petits j&rsquo;utilise une m\u00e9thode sp\u00e9cifique pour les 5 &#8211; 8 ans. Avec ce manuel, l&rsquo;enfant peut effectuer rapidement de petites cantines \u00e0 deux mains.<\/p>\n\n\n\n<p>Quelque soit l&rsquo;\u00e2ge et le niveau, mon objectif est de donner ou redonner go\u00fbt \u00e0 la musique en douceur et au rythme de l&rsquo;\u00e9l\u00e8ve.<\/p>\n\n\n\n<p><\/p>\n\n\n\n<div class=\"wp-block-buttons is-layout-flex wp-block-buttons-is-layout-flex\">\n<div class=\"wp-block-button\"><a class=\"wp-block-button__link wp-element-button\" href=\"https:\/\/www.youtube.com\/watch?v=IUF52Kpk3RA\">Mes concerts (appuyez ICI)<em> <\/em><\/a><\/div>\n<\/div>\n\n\n\n<h3 class=\"wp-block-heading\">GUITARE (Gabriel Coquette)<\/h3>\n\n\n\n<p>C&rsquo;est apr\u00e8s avoir assist\u00e9 \u00e0 un concert du bluesman Paul Personne que je d\u00e9cidai, \u00e9bloui par sa prestation et encore adolescent, de d\u00e9marrer l&rsquo;apprentissage de la guitare. D&rsquo;abord autodidacte et amoureux des musiques actuelles amplifi\u00e9es (Rock, Blues, Funk, Soul etc.), je passe beaucoup de temps dans ma chambre \u00e0 explorer l&rsquo;instrument. Conscient des limites de l&rsquo;apprentissage seul et curieux d&rsquo;en d\u00e9couvrir plus, je poursuis mes \u00e9tudes musicales \u00e0 l&rsquo;Universit\u00e9 Rennes II et au Conservatoire de Rennes.&nbsp;<\/p>\n\n\n\n<p>Je joue dans diff\u00e9rents groupes puis, les hasards de la vie et les rencontres me m\u00e8nent naturellement vers l&rsquo;enseignement, parall\u00e8lement \u00e0 ma vie de guitariste. Si la sc\u00e8ne est importante dans la vie d&rsquo;un musicien, l&rsquo;envie de transmettre et de partager s&rsquo;impose d&rsquo;elle m\u00eame \u00e0 beaucoup d&rsquo;entre nous aussi!&nbsp;<\/p>\n\n\n\n<p>Les cours sont ouverts \u00e0 tous les styles et \u00e0 tous les niveaux,&nbsp; sur l&rsquo;instrument de votre choix, \u00e9lectrique ou acoustique. A tr\u00e8s vite !<\/p>\n","protected":false},"excerpt":{"rendered":"<p>PIANO (Laure Coignard) Je suis professeur de piano depuis plusieurs ann\u00e9es form\u00e9e en partie au Conservatoire National de R\u00e9gion de Versailles, j&rsquo;enseigne \u00e0 des \u00e9l\u00e8ves de tous \u00e2ges et de tous niveaux. Cette exp\u00e9rience me permets de pratiquer plusieurs m\u00e9thodes et de m&rsquo;adapter aux capacit\u00e9s et objectifs de chacun. Le choix des morceaux \u00e9tudi\u00e9s ce [&hellip;]<\/p>\n","protected":false},"author":2,"featured_media":0,"parent":0,"menu_order":0,"comment_status":"closed","ping_status":"closed","template":"","meta":{"footnotes":""},"class_list":["post-184","page","type-page","status-publish","hentry"],"yoast_head":"<!-- This site is optimized with the Yoast SEO plugin v21.2 - https:\/\/yoast.com\/wordpress\/plugins\/seo\/ -->\n<title>Professeurs - LES CHEMINS DE LA MUSIQUE 35<\/title>\n<meta name=\"description\" content=\"Cours particuliers de piano et guitare. L&#039;association les Chemins de la Musique situ\u00e9e au Centre Sociale de Vitr\u00e9 vous accueil et reste \u00e0 votre \u00e9coute pour atteindre vos objectifs musicaux.\" \/>\n<meta name=\"robots\" content=\"index, follow, max-snippet:-1, max-image-preview:large, max-video-preview:-1\" \/>\n<link rel=\"canonical\" href=\"http:\/\/lcdmusique35.fr\/index.php\/professeurs-piano-et-guitare\/\" \/>\n<meta property=\"og:locale\" content=\"fr_FR\" \/>\n<meta property=\"og:type\" content=\"article\" \/>\n<meta property=\"og:title\" content=\"Professeurs - LES CHEMINS DE LA MUSIQUE 35\" \/>\n<meta property=\"og:description\" content=\"Cours particuliers de piano et guitare. L&#039;association les Chemins de la Musique situ\u00e9e au Centre Sociale de Vitr\u00e9 vous accueil et reste \u00e0 votre \u00e9coute pour atteindre vos objectifs musicaux.\" \/>\n<meta property=\"og:url\" content=\"http:\/\/lcdmusique35.fr\/index.php\/professeurs-piano-et-guitare\/\" \/>\n<meta property=\"og:site_name\" content=\"LES CHEMINS DE LA MUSIQUE 35\" \/>\n<meta property=\"article:modified_time\" content=\"2025-08-05T11:18:21+00:00\" \/>\n<meta name=\"twitter:card\" content=\"summary_large_image\" \/>\n<meta name=\"twitter:label1\" content=\"Dur\u00e9e de lecture estim\u00e9e\" \/>\n\t<meta name=\"twitter:data1\" content=\"2 minutes\" \/>\n<script type=\"application\/ld+json\" class=\"yoast-schema-graph\">{\"@context\":\"https:\/\/schema.org\",\"@graph\":[{\"@type\":\"WebPage\",\"@id\":\"http:\/\/lcdmusique35.fr\/index.php\/professeurs-piano-et-guitare\/\",\"url\":\"http:\/\/lcdmusique35.fr\/index.php\/professeurs-piano-et-guitare\/\",\"name\":\"Professeurs - LES CHEMINS DE LA MUSIQUE 35\",\"isPartOf\":{\"@id\":\"https:\/\/lcdmusique35.fr\/#website\"},\"datePublished\":\"2023-09-24T15:04:47+00:00\",\"dateModified\":\"2025-08-05T11:18:21+00:00\",\"description\":\"Cours particuliers de piano et guitare. L'association les Chemins de la Musique situ\u00e9e au Centre Sociale de Vitr\u00e9 vous accueil et reste \u00e0 votre \u00e9coute pour atteindre vos objectifs musicaux.\",\"breadcrumb\":{\"@id\":\"http:\/\/lcdmusique35.fr\/index.php\/professeurs-piano-et-guitare\/#breadcrumb\"},\"inLanguage\":\"fr-FR\",\"potentialAction\":[{\"@type\":\"ReadAction\",\"target\":[\"http:\/\/lcdmusique35.fr\/index.php\/professeurs-piano-et-guitare\/\"]}]},{\"@type\":\"BreadcrumbList\",\"@id\":\"http:\/\/lcdmusique35.fr\/index.php\/professeurs-piano-et-guitare\/#breadcrumb\",\"itemListElement\":[{\"@type\":\"ListItem\",\"position\":1,\"name\":\"Accueil\",\"item\":\"https:\/\/lcdmusique35.fr\/\"},{\"@type\":\"ListItem\",\"position\":2,\"name\":\"Professeurs\"}]},{\"@type\":\"WebSite\",\"@id\":\"https:\/\/lcdmusique35.fr\/#website\",\"url\":\"https:\/\/lcdmusique35.fr\/\",\"name\":\"LES CHEMINS DE LA MUSIQUE 35\",\"description\":\"\",\"publisher\":{\"@id\":\"https:\/\/lcdmusique35.fr\/#organization\"},\"potentialAction\":[{\"@type\":\"SearchAction\",\"target\":{\"@type\":\"EntryPoint\",\"urlTemplate\":\"https:\/\/lcdmusique35.fr\/?s={search_term_string}\"},\"query-input\":\"required name=search_term_string\"}],\"inLanguage\":\"fr-FR\"},{\"@type\":\"Organization\",\"@id\":\"https:\/\/lcdmusique35.fr\/#organization\",\"name\":\"LES CHEMINS DE LA MUSIQUE 35\",\"url\":\"https:\/\/lcdmusique35.fr\/\",\"logo\":{\"@type\":\"ImageObject\",\"inLanguage\":\"fr-FR\",\"@id\":\"https:\/\/lcdmusique35.fr\/#\/schema\/logo\/image\/\",\"url\":\"https:\/\/i0.wp.com\/lcdmusique35.fr\/wp-content\/uploads\/2023\/08\/cropped-cropped-logo-1-Copie-2-300x124-1.jpg?fit=300%2C124&ssl=1\",\"contentUrl\":\"https:\/\/i0.wp.com\/lcdmusique35.fr\/wp-content\/uploads\/2023\/08\/cropped-cropped-logo-1-Copie-2-300x124-1.jpg?fit=300%2C124&ssl=1\",\"width\":300,\"height\":124,\"caption\":\"LES CHEMINS DE LA MUSIQUE 35\"},\"image\":{\"@id\":\"https:\/\/lcdmusique35.fr\/#\/schema\/logo\/image\/\"}}]}<\/script>\n<!-- \/ Yoast SEO plugin. -->","yoast_head_json":{"title":"Professeurs - LES CHEMINS DE LA MUSIQUE 35","description":"Cours particuliers de piano et guitare. L'association les Chemins de la Musique situ\u00e9e au Centre Sociale de Vitr\u00e9 vous accueil et reste \u00e0 votre \u00e9coute pour atteindre vos objectifs musicaux.","robots":{"index":"index","follow":"follow","max-snippet":"max-snippet:-1","max-image-preview":"max-image-preview:large","max-video-preview":"max-video-preview:-1"},"canonical":"http:\/\/lcdmusique35.fr\/index.php\/professeurs-piano-et-guitare\/","og_locale":"fr_FR","og_type":"article","og_title":"Professeurs - LES CHEMINS DE LA MUSIQUE 35","og_description":"Cours particuliers de piano et guitare. L'association les Chemins de la Musique situ\u00e9e au Centre Sociale de Vitr\u00e9 vous accueil et reste \u00e0 votre \u00e9coute pour atteindre vos objectifs musicaux.","og_url":"http:\/\/lcdmusique35.fr\/index.php\/professeurs-piano-et-guitare\/","og_site_name":"LES CHEMINS DE LA MUSIQUE 35","article_modified_time":"2025-08-05T11:18:21+00:00","twitter_card":"summary_large_image","twitter_misc":{"Dur\u00e9e de lecture estim\u00e9e":"2 minutes"},"schema":{"@context":"https:\/\/schema.org","@graph":[{"@type":"WebPage","@id":"http:\/\/lcdmusique35.fr\/index.php\/professeurs-piano-et-guitare\/","url":"http:\/\/lcdmusique35.fr\/index.php\/professeurs-piano-et-guitare\/","name":"Professeurs - LES CHEMINS DE LA MUSIQUE 35","isPartOf":{"@id":"https:\/\/lcdmusique35.fr\/#website"},"datePublished":"2023-09-24T15:04:47+00:00","dateModified":"2025-08-05T11:18:21+00:00","description":"Cours particuliers de piano et guitare. L'association les Chemins de la Musique situ\u00e9e au Centre Sociale de Vitr\u00e9 vous accueil et reste \u00e0 votre \u00e9coute pour atteindre vos objectifs musicaux.","breadcrumb":{"@id":"http:\/\/lcdmusique35.fr\/index.php\/professeurs-piano-et-guitare\/#breadcrumb"},"inLanguage":"fr-FR","potentialAction":[{"@type":"ReadAction","target":["http:\/\/lcdmusique35.fr\/index.php\/professeurs-piano-et-guitare\/"]}]},{"@type":"BreadcrumbList","@id":"http:\/\/lcdmusique35.fr\/index.php\/professeurs-piano-et-guitare\/#breadcrumb","itemListElement":[{"@type":"ListItem","position":1,"name":"Accueil","item":"https:\/\/lcdmusique35.fr\/"},{"@type":"ListItem","position":2,"name":"Professeurs"}]},{"@type":"WebSite","@id":"https:\/\/lcdmusique35.fr\/#website","url":"https:\/\/lcdmusique35.fr\/","name":"LES CHEMINS DE LA MUSIQUE 35","description":"","publisher":{"@id":"https:\/\/lcdmusique35.fr\/#organization"},"potentialAction":[{"@type":"SearchAction","target":{"@type":"EntryPoint","urlTemplate":"https:\/\/lcdmusique35.fr\/?s={search_term_string}"},"query-input":"required name=search_term_string"}],"inLanguage":"fr-FR"},{"@type":"Organization","@id":"https:\/\/lcdmusique35.fr\/#organization","name":"LES CHEMINS DE LA MUSIQUE 35","url":"https:\/\/lcdmusique35.fr\/","logo":{"@type":"ImageObject","inLanguage":"fr-FR","@id":"https:\/\/lcdmusique35.fr\/#\/schema\/logo\/image\/","url":"https:\/\/i0.wp.com\/lcdmusique35.fr\/wp-content\/uploads\/2023\/08\/cropped-cropped-logo-1-Copie-2-300x124-1.jpg?fit=300%2C124&ssl=1","contentUrl":"https:\/\/i0.wp.com\/lcdmusique35.fr\/wp-content\/uploads\/2023\/08\/cropped-cropped-logo-1-Copie-2-300x124-1.jpg?fit=300%2C124&ssl=1","width":300,"height":124,"caption":"LES CHEMINS DE LA MUSIQUE 35"},"image":{"@id":"https:\/\/lcdmusique35.fr\/#\/schema\/logo\/image\/"}}]}},"_links":{"self":[{"href":"https:\/\/lcdmusique35.fr\/index.php\/wp-json\/wp\/v2\/pages\/184","targetHints":{"allow":["GET"]}}],"collection":[{"href":"https:\/\/lcdmusique35.fr\/index.php\/wp-json\/wp\/v2\/pages"}],"about":[{"href":"https:\/\/lcdmusique35.fr\/index.php\/wp-json\/wp\/v2\/types\/page"}],"author":[{"embeddable":true,"href":"https:\/\/lcdmusique35.fr\/index.php\/wp-json\/wp\/v2\/users\/2"}],"replies":[{"embeddable":true,"href":"https:\/\/lcdmusique35.fr\/index.php\/wp-json\/wp\/v2\/comments?post=184"}],"version-history":[{"count":9,"href":"https:\/\/lcdmusique35.fr\/index.php\/wp-json\/wp\/v2\/pages\/184\/revisions"}],"predecessor-version":[{"id":216,"href":"https:\/\/lcdmusique35.fr\/index.php\/wp-json\/wp\/v2\/pages\/184\/revisions\/216"}],"wp:attachment":[{"href":"https:\/\/lcdmusique35.fr\/index.php\/wp-json\/wp\/v2\/media?parent=184"}],"curies":[{"name":"wp","href":"https:\/\/api.w.org\/{rel}","templated":true}]}}